{"id":276,"date":"2023-03-07T13:43:31","date_gmt":"2023-03-07T13:43:31","guid":{"rendered":"https:\/\/tallerescocina.desarrollositios.info\/?post_type=product&#038;p=276"},"modified":"2023-03-08T09:00:06","modified_gmt":"2023-03-08T09:00:06","slug":"taller-decoracion-de-tortas","status":"publish","type":"product","link":"https:\/\/tallerescocina.desarrollositios.info\/index.php\/producto\/taller-decoracion-de-tortas\/","title":{"rendered":"Taller decoraci\u00f3n de tortas"},"content":{"rendered":"<p>El taller decoraci\u00f3n de tortas consta de 18 clases, se enfoca a la decoraci\u00f3n, simple, personalizada y profesional de las tortas.<\/p>\n","protected":false},"excerpt":{"rendered":"<p>El taller decoraci\u00f3n de tortas consta de 18 clases, se enfoca a la decoraci\u00f3n, simple, personalizada y profesional de las tortas.<\/p>\n","protected":false},"featured_media":309,"comment_status":"open","ping_status":"closed","template":"","meta":{"_et_pb_use_builder":"","_et_pb_old_content":"","_et_gb_content_width":""},"product_cat":[23],"product_tag":[],"_links":{"self":[{"href":"https:\/\/tallerescocina.desarrollositios.info\/index.php\/wp-json\/wp\/v2\/product\/276"}],"collection":[{"href":"https:\/\/tallerescocina.desarrollositios.info\/index.php\/wp-json\/wp\/v2\/product"}],"about":[{"href":"https:\/\/tallerescocina.desarrollositios.info\/index.php\/wp-json\/wp\/v2\/types\/product"}],"replies":[{"embeddable":true,"href":"https:\/\/tallerescocina.desarrollositios.info\/index.php\/wp-json\/wp\/v2\/comments?post=276"}],"wp:featuredmedia":[{"embeddable":true,"href":"https:\/\/tallerescocina.desarrollositios.info\/index.php\/wp-json\/wp\/v2\/media\/309"}],"wp:attachment":[{"href":"https:\/\/tallerescocina.desarrollositios.info\/index.php\/wp-json\/wp\/v2\/media?parent=276"}],"wp:term":[{"taxonomy":"product_cat","embeddable":true,"href":"https:\/\/tallerescocina.desarrollositios.info\/index.php\/wp-json\/wp\/v2\/product_cat?post=276"},{"taxonomy":"product_tag","embeddable":true,"href":"https:\/\/tallerescocina.desarrollositios.info\/index.php\/wp-json\/wp\/v2\/product_tag?post=276"}],"curies":[{"name":"wp","href":"https:\/\/api.w.org\/{rel}","templated":true}]}}