{"id":272,"date":"2023-03-07T13:33:40","date_gmt":"2023-03-07T13:33:40","guid":{"rendered":"https:\/\/tallerescocina.desarrollositios.info\/?post_type=product&#038;p=272"},"modified":"2023-03-07T19:45:25","modified_gmt":"2023-03-07T19:45:25","slug":"banquetearia-y-catering","status":"publish","type":"product","link":"https:\/\/tallerescocina.desarrollositios.info\/index.php\/producto\/banquetearia-y-catering\/","title":{"rendered":"Taller Banquetear\u00eda y Catering"},"content":{"rendered":"<p>Este taller consta de 53 clases de 1 hora cada una, en que aprender\u00e1s todos los secretos de la Banquetear\u00eda y catering, adem\u00e1s te entregaremos 20 tutoriales pdf, 10 videos en vivo y la despedida del taller con un coctel.<\/p>\n","protected":false},"excerpt":{"rendered":"<p>Este taller consta de 53 clases de 1 hora cada una, en que aprender\u00e1s todos los secretos de la Banquetear\u00eda y catering, adem\u00e1s te entregaremos 20 tutoriales pdf, 10 videos en vivo y la despedida del taller con un coctel.<\/p>\n","protected":false},"featured_media":86,"comment_status":"open","ping_status":"closed","template":"","meta":{"_et_pb_use_builder":"","_et_pb_old_content":"","_et_gb_content_width":""},"product_cat":[23],"product_tag":[],"_links":{"self":[{"href":"https:\/\/tallerescocina.desarrollositios.info\/index.php\/wp-json\/wp\/v2\/product\/272"}],"collection":[{"href":"https:\/\/tallerescocina.desarrollositios.info\/index.php\/wp-json\/wp\/v2\/product"}],"about":[{"href":"https:\/\/tallerescocina.desarrollositios.info\/index.php\/wp-json\/wp\/v2\/types\/product"}],"replies":[{"embeddable":true,"href":"https:\/\/tallerescocina.desarrollositios.info\/index.php\/wp-json\/wp\/v2\/comments?post=272"}],"wp:featuredmedia":[{"embeddable":true,"href":"https:\/\/tallerescocina.desarrollositios.info\/index.php\/wp-json\/wp\/v2\/media\/86"}],"wp:attachment":[{"href":"https:\/\/tallerescocina.desarrollositios.info\/index.php\/wp-json\/wp\/v2\/media?parent=272"}],"wp:term":[{"taxonomy":"product_cat","embeddable":true,"href":"https:\/\/tallerescocina.desarrollositios.info\/index.php\/wp-json\/wp\/v2\/product_cat?post=272"},{"taxonomy":"product_tag","embeddable":true,"href":"https:\/\/tallerescocina.desarrollositios.info\/index.php\/wp-json\/wp\/v2\/product_tag?post=272"}],"curies":[{"name":"wp","href":"https:\/\/api.w.org\/{rel}","templated":true}]}}